).
10
Let k = 1134 - 1104. Calculate the remainder when 138 is divided by k.
18
Let v(o) = 151*o - 450. What is the remainder when v(6) is divided by 228?
0
Let a be 5/(5/2) + 1 + 2. Let f = a - -24. Calculate the remainder when f is divided by 8.
5
Let y = -64 + 70. What is the remainder when 43 is divided by 3 + 12 + (-2)/4*y?
7
Let l = 26 + -9. Let m = l + -3. Calculate the remainder when m is divided by 8.
6
Suppose 0 = x - 3*o - 19, -4*o = -x - 3*o + 13. Calculate the remainder when (-4)/(-20) - (-178)/x is divided by (8/10)/((-12)/(-150)).
8
Let t(q) = 3*q - 15. Let p(d) = -2*d + 15. Let h(y) = 4*p(y) + 3*t(y). Suppose m + 0*m = 2. Calculate the remainder when h(-12) is divided by m.
1
Let n(s) = -3*s**2 + 44*s + 21. What is the remainder when n(11) is divided by 9?
7
Suppose 9*i - 7*i = 3*v + 39, 0 = -2*i - 2*v + 64. Suppose 2*r - 385 = -5*c, -r + 2*r = -5. What is the remainder when c is divided by i?
25
Let o = -374 - -406. Calculate the remainder when 203 is divided by o.
11
Suppose 60 = 9*d - 120. What is the remainder when 50 is divided by d?
10
Suppose -49 = -2*c + 5*k, -2*c - 2*k = 2*c - 38. Let g = -6 - -8. Suppose 0 = g*o - 8, -2*z + 0*z = -3*o - 82. Calculate the remainder when z is divided by c.
11
Let j(m) = -9*m - 4. Let t = -285 - -307. Calculate the remainder when j(-5) is divided by t.
19
Let u(p) = -p**3 - 9*p**2 + 8*p - 2. Let b be u(-10). Suppose 0 = 5*y - b - 52. Calculate the remainder when 74 is divided by 4/(-14) + 270/y.
17
Suppose b = 5*n - 5, -7 - 23 = -4*b - 5*n. Suppose b*f = 27 + 8. What is the remainder when 16 is divided by f?
2
Suppose -25 = -5*k, -67 = -3*s + 4*k - 6. What is the remainder when (-1 - (-51)/(-2))*-2 is divided by s?
26
Let f be (3 - -7)/((-3)/(-6)). Let n(a) = -a**2 + 9*a - 4. What is the remainder when ((-16)/f)/(1/(-35)) is divided by n(7)?
8
Suppose -25*f = 12*f - 444. What is the remainder when 70 is divided by f?
10
Suppose 3*b + 2*m = -b + 24, 5*b - 3*m - 52 = 0. Let f(v) = 3*v**2 - 5 - 2 - 4*v**2 - v**3 + 2*v**2. What is the remainder when f(-3) is divided by b?
5
Suppose -a + 2*h + 10 = -0*a, 0 = -h + 1. Let m = 106 - 101. Suppose -s - m - 8 = -5*i, 4*s = 2*i + 20. What is the remainder when a is divided by s?
5
Let b = 64 - 62. Suppose -3*k - a + 7 + 19 = 0, b*a + 8 = 0. Calculate the remainder when 18 is divided by k.
8
What is the remainder when 135 is divided by -5 + -1 + 9 - (-19 + -1)?
20
What is the remainder when ((-510)/45)/((-4)/66) is divided by 5?
2
Let v(g) = -7*g + 255. What is the remainder when v(-19) is divided by 99?
91
Suppose 0 = 3*j - 10 - 26. Let g(a) be the third derivative of a**5/30 + a**4/3 - a**3 - 18*a**2. Calculate the remainder when g(-8) is divided by j.
10
Let w(x) = x**2 + 2*x. Let p be w(1). Let y be 4 + -3 + 11/1. Let n = y - p. Calculate the remainder when 42 is divided by n.
6
Let t be 9/(4/10 + 369/(-1035)). Suppose g - y = 220, y + 461 + t = 3*g. Calculate the remainder when g is divided by 45.
44
Let d(g) = 83*g**2 - 14. Calculate the remainder when d(-2) is divided by 20.
18
Let v(i) = -i + 21. Let t be v(9). Let h be (-9)/t*1*-12. Calculate the remainder when ((-15)/h - -2)*69 is divided by 12.
11
Let j(o) = 4*o - 26. Let g be j(9). Calculate the remainder when (-1)/(-2) + 49/2 is divided by -5*(-4)/g - -11.
12
Suppose 13*c + 90 = 10*c. Let z = c + 40. Calculate the remainder when 28 is divided by z.
8
Let v(r) = 3*r**2 + r + 3. Let d be v(0). Suppose -5*b + d*m = -96, -3*b + 69 = -2*m + 4*m. Calculate the remainder when b is divided by -1 + 15 + (-5 - -3).
9
Let t = 1 + 10. Let c = -4 + 4. What is the remainder when 42 - (3 + -2) - c is divided by t?
8
Suppose d - 19 = 5*j, 3*d + 3*j + 5 - 8 = 0. Suppose d*b - 223 = 217. Calculate the remainder when b is divided by 28.
26
Suppose -5*m + 5*p + 110 + 110 = 0, 3*m - 172 = -5*p. Suppose -b - 2*b = 4*z - 61, 0 = 3*b + z - m. Calculate the remainder when 28 is divided by b.
13
Let k(d) = -d**2 + 17*d - 29. Let i be k(15). Calculate the remainder when 2 is divided by 1 + 2 + (-1 - 1) + i.
0
Let p be -2*4/(32/12). Let m be -27 - (-3)/(p/2). Let s = m + 43. What is the remainder when 27 is divided by s?
13
Let d(t) be the third derivative of t**5/60 + t**4/24 - 7*t**3/6 + 2*t**2. Let m be (1/2 + -1)*-12. What is the remainder when d(m) is divided by 10?
5
Let g(o) = -21*o + 141. Calculate the remainder when 99 is divided by g(5).
27
Let v = 2217 + -1716. What is the remainder when v is divided by 22?
17
Suppose 2*t + 4*o - 102 = 0, -2*o - 279 = -5*t - 4*o. What is the remainder when t is divided by 21?
15
Suppose 0 = 23*x - 21*x - 34. Calculate the remainder when 369 is divided by x.
12
Let s be 16/(-12) - 57/(-9). Suppose 64 = s*q - 21. What is the remainder when q is divided by 10?
7
Suppose b + 4*b - 15 = 0. Suppose 0 = 4*t + k - 2*k - 19, -b*k = -t - 9. Calculate the remainder when 19 is divided by t.
1
Suppose 3*v - 5*p - 20 = 0, -2*v = -0*p + p + 4. Suppose -4*l = -z - v*l + 21, 5*l = -15. Calculate the remainder when 25/(-4*1/(-4)) is divided by z.
7
Let b(q) = 2*q + 105. Calculate the remainder when b(-15) is divided by 19.
18
Suppose 4*b - 40 = 2*b. Suppose 5*k - 20 - b = 0. What is the remainder when 38 is divided by k?
6
Calculate the remainder when ((-74)/148)/(2/(-576)) is divided by 50.
44
Suppose -3 - 13 = -4*q, 0 = -3*y - 4*q + 85. Suppose 11*n - y = 10*n. Let f(g) = -g**3 + g**2 + 1. Calculate the remainder when n is divided by f(-2).
10
Let j(v) = 3*v**2 - 4*v - 3. Let x = -3 - 0. Let y be j(x). Suppose 3*w - y = w - 2*d, 2*d - 6 = 0. Calculate the remainder when w is divided by 9.
6
Let b(d) = 4*d + 14. Let z be b(6). Let f = z - 8. What is the remainder when f is divided by 16?
14
Let s = 94 + -93. Suppose -5*u - 115 = -5*y, -s = 5*u + 24. Calculate the remainder when y is divided by 10.
8
Calculate the remainder when 8/5 + -2 + (-25812)/(-180) is divided by 40.
23
Suppose -462 = -2*n + 23*o - 19*o, 229 = n - 4*o. What is the remainder when n is divided by 46?
3
Let u = 77 + -70. Let j(x) = x**3 + 10*x**2 - 12*x. Calculate the remainder when j(-11) is divided by u.
4
Suppose -57*k = -1768 - 1709. Calculate the remainder when k is divided by 8.
5
Suppose -d + 19 = 2*b, 0 = -5*b - 0*d - 2*d + 50. Suppose -b*r + 252 = -8*r. What is the remainder when r is divided by 17?
12
Let h be 50/8 - (-3)/(-12). Suppose 0 = -4*i + 3*i + h. Let a(m) = m**3 - 5*m**2 - 4*m - 3. Calculate the remainder when 33 is divided by a(i).
6
Let p(m) = -2*m**3 - 12*m**2 - 8*m - 32. What is the remainder when 61 is divided by p(-6)?
13
Let r be (18/(-5))/(12/40). Suppose -3*g - 5*p - 24 = 0, -2*g + 18 = -6*g - 2*p. Let c = g - r. What is the remainder when c is divided by 6?
3
Let z(y) = y**2 + 9*y + 3. Let q be z(-8). Let o = 91 + -74. What is the remainder when (2/2)/(q/(-165)) is divided by o?
16
Let g = -664 + 673. Calculate the remainder when 46 is divided by g.
1
Let y(m) = -88*m - 80. Calculate the remainder when 957 is divided by y(-2).
93
Suppose -3*c + p + 6 + 2 = 0, 0 = -2*c - p + 12. What is the remainder when 17 is divided by c?
1
Let v(w) = -10*w - 104. Calculate the remainder when 76 is divided by v(-13).
24
Suppose 129 = -38*o + 41*o. What is the remainder when 257 is divided by o?
42
Let n(t) = -t + 15. Let s be 90/21*(0 - -7). Let q = 42 - s. Calculate the remainder when q is divided by n(11).
0
Suppose 133*k - 136*k = -99. Let n(f) = -f + 29. Calculate the remainder when k is divided by n(12).
16
Let r = -147 - -218. Suppose 17*h - 84 - 120 = 0. Calculate the remainder when r is divided by h.
11
Let h = 10 - 8. Suppose 2*q = 3*n + 12, 0*q - n + 28 = h*q. What is the remainder when 59 is divided by 25/2*q/10?
14
Suppose -64 = -4*h + 104. Let y = 63 - h. Suppose -3*p = -214 + 31. What is the remainder when p is divided by y?
19
Suppose 26 = -5*n + 7*n. Suppose 0 = -11*m + n*m + 152. Let x = -29 - m. What is the remainder when x is divided by 12?
11
Suppose 4*q + 302 = 3*u, -14*u = -11*u + 4*q - 286. What is the remainder when u is divided by 47?
4
Suppose 2*b - 6 = 3*n - 9, -n + 5 = 0. Calculate the remainder when (44/(-6))/((-6)/9) is divided by b.
5
Let f(a) = -a**3 - 6*a**2 + 11*a + 18. What is the remainder when f(-11) is divided by 24?
22
Suppose 0 = 7*k - 3*k. Suppose -3*r + 54 =